 + 9*m**2 - 11*m**2 - 8 + 3*m**2. Determine i(0).
-8
Let d(g) = -4*g**2 + 3*g**2 - g + 0*g - 1 - g. Determine d(-3).
-4
Let k(j) = -j**3 + 5*j**2 - 7*j + 6. Let i(t) = 3*t**2 + 29*t + 20. Let y(p) = 2*p**2 + 19*p + 13. Let m(f) = -5*i(f) + 8*y(f). Let h be m(-7). Determine k(h).
-6
Let y(i) = -3*i + 0*i + 2*i + 13. Give y(0).
13
Let r(x) = -1 + 2*x**2 + 0*x**2 - x**3 + 6*x + 2*x**2 - x**2. Let m be 2/(2/(-9)) + -3. Let b be (m/8)/(3/(-8)). Give r(b).
7
Let n(s) = 2*s**3 - 9*s**2 - 11*s + 7. Let a(w) = -w**3 + 5*w**2 + 6*w - 4. Let v(g) = -7*a(g) - 4*n(g). Give v(2).
0
Let w(f) = 4*f + 5 + 2 - 3*f. Let c(v) = -2*v**3 - 3*v**2 + 4*v + 4. Let l be c(-3). Suppose 4*d + 0*d + 16 = 2*b, -3*d + 5*b - l = 0. What is w(d)?
4
Let a(c) = -5*c + 3. Let w(k) = -4*k + 3. Let y(h) = -5*a(h) + 6*w(h). Let q = -5 - -2. What is y(q)?
0
Let f(j) = -j**3 + 2*j**2 - j + 4. Let l = -4 - -8. Let v be 2*l/(0 + 2). Suppose 2*n = 2 + v. Give f(n).
-8
Suppose 3*d + 27 - 9 = 0. Let f(h) = -h - 4. Give f(d).
2
Suppose -3*o + 15 = 3*c, -2*c + 2*o - 8 = 2. Let x(i) = i + 17. What is x(c)?
17
Suppose -2*o = -4*o + 4. Let u(d) = -d + d + o*d - 4. Calculate u(5).
6
Let v be (-15)/6*(-4)/5. Suppose -5 = 3*z - v. Let x(j) be the third derivative of -j**6/15 - j**5/60 - j**4/24 + 22*j**2. Give x(z).
8
Let a be 7 + (8/2)/(-2). Suppose r + 4*g + 8 = -15, a*r + 2*g = -25. Let i(l) = -3*l - l**3 - l - l**2 - 3 - 4*l**2. Determine i(r).
-9
Let c = 23 + -21. Let d(k) = -k**3 + 2*k**2 - 2*k + 2. Give d(c).
-2
Suppose l = 3*g - 0*g - 14, 3*l + 2 = -g. Suppose -2 = -o - 3*t, -o + 3*t - 26 = g*o. Let n(w) = w**3 + 4*w**2 - 2*w - 2. Give n(o).
6
Let c = -30 - -33. Let h(m) = m**2 - 6*m - 1. What is h(c)?
-10
Let v = 6 - 3. Let q(i) = -5*i**3 + 15*i**v + 3 + 5*i**2 - 7*i - 9*i**3. Give q(-6).
9
Let x(s) = s - 7. Suppose 0 = -3*n - 3*l - 0*l + 24, 25 = 2*n + 5*l. What is x(n)?
-2
Let i(n) = -n**3 + 3*n**2 - 4*n + 4. Let c(o) = o**2 - o + 1. Let z(y) = -6*c(y) + i(y). Let m be (-87)/27 + (-4)/(-18). What is z(m)?
-8
Let u(t) be the second derivative of -t**4/12 - t**2 - t. Let p(y) = -2*y**2 + 13*y + 9. Let v be p(7). What is u(v)?
-6
Let t(v) = -3*v - 4*v + 6*v. Let p be -1 - (0 - -1 - 1). Let i = 2 - p. What is t(i)?
-3
Let v(b) = 3*b**3 + 2*b - 1. Suppose -5*y = -4*f - 9, -3*y + 6 = -3*f - 0*f. Determine v(y).
4
Let t(o) be the third derivative of -o**6/120 - o**5/60 + o**4/24 - o**3/3 + o**2. Let l = -90 + 88. Determine t(l).
0
Let y(o) = o**2 - 4*o + 1. Let d be (4*1)/((-4)/(-2)). Calculate y(d).
-3
Let p be -11 + -6 + 2 + 2. Let m = 12 + p. Let f(d) = 11*d**2 - 1. Give f(m).
10
Let m(l) = 13*l**3 + 3*l**2 - 1. Let u(w) = -4*w**3 - w**2. Let c(q) = -2*m(q) - 7*u(q). Determine c(-2).
-10
Let i = 2 + -1. Let h = i + -3. Let a(t) = 4*t**2 + 2*t - 1. Let s(m) = -7*m**2 - 4*m + 1. Let u(q) = 5*a(q) + 3*s(q). Determine u(h).
-2
Let q be 2/(-6) - (-42)/(-9). Let l(c) = -21*c**3 + 16*c**3 + 3*c**2 - 5 + 12. Let k(u) = 3*u**3 - u**2 - 3. Let a(n) = 7*k(n) + 4*l(n). What is a(q)?
7
Let d(j) = j**2 + 5*j - 16. Let r be d(-7). Let u(i) = i**2 + 2*i + 2. Calculate u(r).
2
Let p(a) = 6*a + 3. Let y(d) = 7*d + 3. Let g(o) = 5*p(o) - 4*y(o). Give g(-7).
-11
Let i(a) = a + 1. Let z(v) = v**3 + 5*v**2 + 2*v - 2. Let c be z(-3). Let k(p) = 2*p**2 - 2*p + 1. Let l be k(2). Suppose 0*r - l*r = c. Calculate i(r).
-1
Let m(s) = -s**3 - 7*s**2 + 6*s - 11. Let b be m(-8). Let x = -5 + b. Suppose x*w - 3*d = -4*w - 21, 4*w + 9 = -d. Let t(g) = -g**3 - 3*g**2 + g - 3. Give t(w).
-6
Let u(b) = -b + 8. Let d be u(6). Let w(z) = d - z**2 + z - 7*z**3 - 2 + 3*z**2. Calculate w(-1).
8
Let t(c) = 3*c + 4. Suppose -4 + 16 = 4*y. Let f(d) = -d. Let o(q) = -2*q + 4. Let z(u) = 6*f(u) - o(u). Let x(n) = y*t(n) + 2*z(n). What is x(-3)?
1
Let y(w) = w**2 + 2*w + 1. Suppose 5*r = r + 8. Suppose r = -4*q - 5*u, 4*u + 1 - 9 = 0. Determine y(q).
4
Suppose 3*b - 1 = 8. Let c(v) be the third derivative of -v**2 + 1/24*v**4 + 0*v + 0 + 0*v**3. Calculate c(b).
3
Let b(z) be the first derivative of z**3/3 + 3*z**2/2 + 4*z - 2. Let m(s) be the first derivative of b(s). Let g be 5/2 + (-1)/(-2). Give m(g).
9
Let g(r) = 8*r**2 - 2*r + 7. Let a(z) = z**2. Let t(l) = -4*a(l) + g(l). Let i(d) = -5*d**2 + 2*d - 8. Let c(h) = 5*i(h) + 6*t(h). Give c(-4).
-6
Let z(t) = -t + 1. Let s = 19 + -8. Suppose 5*q - 3*w - 21 = 0, 18 = 5*q - 5*w + w. Let r = s - q. Give z(r).
-4
Let v(d) = -6*d**3 + 7*d**2 + 5*d + 7. Let c(o) = 5*o**3 - 6*o**2 - 4*o - 6. Let p(a) = 7*c(a) + 6*v(a). Determine p(-2).
4
Let s(n) = -n + 1. Let l be s(-4). Let b(f) = f**2 - 5*f - 2. What is b(l)?
-2
Let r(l) = l**2 - 2*l + 2. Let a(y) = 2*y**2 - 5*y + 4. Let h(n) = 3*a(n) - 5*r(n). Calculate h(3).
-4
Suppose 4 = -5*w + 54. Suppose 0 + w = 3*l + d, l - 4*d = 25. Let m(a) = a**2 - 3*a. What is m(l)?
10
Let f(h) = h - 2. Suppose 0 = w - 0 - 5. Let p be f(w). Let b(a) = 2*a + 4. Determine b(p).
10
Let q(a) = -a**2 + 10*a + 12. Suppose 10*h + 36 = 13*h. Determine q(h).
-12
Suppose -2*k = 3 - 13. Let c(a) be the first derivative of -a**2 + 5*a + 9. What is c(k)?
-5
Let y(d) be the third derivative of d**4/24 + d**3/2 + 9*d**2 + 2*d. Suppose -5*s = -2*s. Determine y(s).
3
Let c(f) = -f - 7. Let w = -4 - -7. Suppose -s = 3*z + 20, w*s + 3*z + 6 + 24 = 0. What is c(s)?
-2
Let h(a) = a**3 - 6*a**2 + 6*a + 6. Suppose 0 = -5*g + 4*x + x + 40, 0 = -2*g - 2*x + 4. Calculate h(g).
11
Suppose -90*h = -91*h + 9. Let d(a) = a**2 - 10*a + 9. Calculate d(h).
0
Let l be ((-27)/144*-8)/(2/8). Let y(r) = 3*r**3 + 15*r**2 + 9*r - 13. Let w(p) = -p**3 - 7*p**2 - 5*p + 7. Let g(a) = -5*w(a) - 2*y(a). Determine g(l).
-3
Let l(q) = q**2 - 4*q + 1. Suppose 0 = p - 2*k + 1, 3*p + 9*k - 41 = 4*k. Suppose 2*s - 3*s = -2*t + 12, 0 = 5*t - 3*s - 32. Suppose -t*c = p - 27. Give l(c).
6
Let w(i) = 6*i**2 - 12*i - 2. Let b(c) = -c**2 + 2*c. Let n(h) = 5*b(h) + w(h). What is n(4)?
6
Let m(y) = -y + 11. Let d be m(8). Let t(n) = n**3 - 1 - 4*n**2 + 0*n**2 + 5. Calculate t(d).
-5
Let u be 1 - (-1 + 3 - 4). Suppose -m = 2*m + u. Let d be 14/(-3) - m/(-3). Let t(k) = -k. Give t(d).
5
Let t(a) be the first derivative of -a**3/3 - 6*a + 15. Determine t(0).
-6
Suppose -n = 4*l - 8, 0*l + 4*l = 5*n - 16. Let t(g) = -g**3 + 5*g**2 - 2*g + 2. What is t(n)?
10
Let i(u) = 3*u - 6. Let p(o) = -o**2 - 8*o - 12. Let w be p(-4). Give i(w).
6
Suppose -10*i = -5*i + 20. Let x(w) = -3*w - 4. Give x(i).
8
Let u(m) = -3*m**2 - m. Suppose y = 5*w + 16, -2*w - 3*w - 10 = 5*y. What is u(y)?
-4
Suppose -m + 2*o - 13 = 0, 0 = -2*m - 4*o + 3 + 3. Let a(s) = s**3 + 3*s**2 - 6*s. Calculate a(m).
-20
Let t(i) = 2*i + 1. Let n(h) = -h - 2. Let w(v) = -2*n(v) - 3*t(v). Let p(q) = -q - 2. Let y be p(-5). Suppose 3*o + 0*o = y. Determine w(o).
-3
Let q(z) = -2*z - 1. Let a(j) = 5*j + 2. Let w(t) = -3*a(t) - 8*q(t). Let r(u) = -u**2 - 4*u + 2. Let k be r(-5). Let x be 16/(-3) + (-1)/k. Determine w(x).
-3
Let p(d) = 3*d**2 + 7*d + 11. Let u(x) = -2*x**2 - 4*x - 6. Let j(v) = -3*p(v) - 5*u(v). Determine j(4).
9
Suppose 2 = -3*k + 5. Let m(u) = -9*u**3 - u**2 + u - 1. What is m(k)?
-10
Let g(k) = -2*k**2 - 5*k - 3. Let w(l) = 6*l**2 + 15*l + 9. Let v(m) = 17*g(m) + 6*w(m). Let b be 1 + -4 - (0 + -1). Let s = b - 1. What is v(s)?
6
Let q(w) = w**3 + 6*w**2 + 5*w + 6. Let f(t) = t**2 - 10*t + 11. Let u be f(8). What is q(u)?
6
Let r(i) = -i**3 - 3*i**2 + 3*i - 5. Suppose 0 = 6*j - j + 45. Let s = 5 + j. What is r(s)?
-1
Let m(a) = a + 0*a - 1 - 3*a. Let n = 1 + 0. What is m(n)?
-3
Let s(q) be the third derivative of -1/6*q**3 - 1/12*q**4 - 3*q**2 + 0*q + 0. Let f be 3/(-2)*(-12)/9. What is s(f)?
-5
Let u be 0 + 0/(-3) + -2. Let d be u/6 - (-24)/(-9). Let h = -5 - d. Let o(v) = -v - 2. What is o(h)?
0
Let l(k) = 9*k**3 - 2*k**2 - k + 1. Let y be l(1). Let n(d) = d**3 - 8*d**2 + 6*d. Determine n(y).
-7
Let g(w) = -w + 3. Suppose -7*b + 4*b = -9. Give g(b).
0
Let c(m) = -4*m**2 - 12*m - 4. Let b(i) = 3*i**2 + 11*i + 5. Let g(x) = -3*b(x) - 2*c(x). Let l(d) = -2*d**2 - 10*d - 8. Let z(k) = -3*g(k) + 2*l(k). Give z(6).
11
Let g be (-8)/(-6) + 8/12. Let i(n) = 2*n**2 - n**3 - 3*n + g*n**3 + 0*n**3 + 5*n + 2. Determine i(-2).
-2
Let c(g) = -4*g + 2. Let p(q) = -q**3 + 12*q**2 - 2*q + 26. Let k be p(12). Give c(k).
-6
Let s(l) be the second derivative of 